{"id":808,"date":"2021-11-08T10:07:59","date_gmt":"2021-11-08T10:07:59","guid":{"rendered":"http:\/\/komloskft.hu\/?page_id=808"},"modified":"2023-08-30T08:30:50","modified_gmt":"2023-08-30T08:30:50","slug":"top-1-1-1-16-bs1-2017-00008-ipari-terulet-kialakitasa-totkomloson","status":"publish","type":"page","link":"https:\/\/komloskft.hu\/?page_id=808","title":{"rendered":"TOP-1.1.1-16-BS1-2017-00008 \u201eIpari ter\u00fclet kialak\u00edt\u00e1sa T\u00f3tkoml\u00f3son\u201d"},"content":{"rendered":"\n<div class=\"wp-block-file\"><a id=\"wp-block-file--media-691e76a0-5920-4ca3-8df8-2544350ac947\" href=\"https:\/\/komloskft.hu\/wp-content\/uploads\/2023\/07\/TOP-1.1.1-16-BS1-2017-00008-3.pdf\">TOP-1.1.1-16-BS1-2017-00008-3<\/a><a href=\"https:\/\/komloskft.hu\/wp-content\/uploads\/2023\/07\/TOP-1.1.1-16-BS1-2017-00008-3.pdf\" class=\"wp-block-file__button wp-element-button\" download aria-describedby=\"wp-block-file--media-691e76a0-5920-4ca3-8df8-2544350ac947\">Let\u00f6lt\u00e9s<\/a><\/div>\n\n\n\n<div class=\"wp-block-file\"><a id=\"wp-block-file--media-6e5f358f-ae34-461f-b77d-aa524fa1f80b\" href=\"https:\/\/komloskft.hu\/wp-content\/uploads\/2023\/06\/A-projekt-elorehaladasa-Ipari-park-3.pdf\">A projekt el\u0151rehalad\u00e1sa<\/a><a href=\"https:\/\/komloskft.hu\/wp-content\/uploads\/2023\/06\/A-projekt-elorehaladasa-Ipari-park-3.pdf\" class=\"wp-block-file__button wp-element-button\" download aria-describedby=\"wp-block-file--media-6e5f358f-ae34-461f-b77d-aa524fa1f80b\">Let\u00f6lt\u00e9s<\/a><\/div>\n\n\n\n<div class=\"wp-block-file\"><a id=\"wp-block-file--media-8f7be645-fe48-4641-a94f-8a40d47b1fea\" href=\"https:\/\/komloskft.hu\/wp-content\/uploads\/2022\/08\/Ipari-terulet-kialakitasa-Totkomloson-FENYKEPDOKUMENTACIO.pdf\">F\u00e9nyk\u00e9pdokument\u00e1ci\u00f3<\/a><a href=\"https:\/\/komloskft.hu\/wp-content\/uploads\/2022\/08\/Ipari-terulet-kialakitasa-Totkomloson-FENYKEPDOKUMENTACIO.pdf\" class=\"wp-block-file__button wp-element-button\" download aria-describedby=\"wp-block-file--media-8f7be645-fe48-4641-a94f-8a40d47b1fea\">Let\u00f6lt\u00e9s<\/a><\/div>\n\n\n<hr \/>\n\n\n<div class=\"wp-block-file\"><a id=\"wp-block-file--media-21ec8871-3a0e-422e-9356-79ce2127bd18\" href=\"https:\/\/komloskft.hu\/wp-content\/uploads\/2023\/08\/Ipari-Park-palyazati-felhivas.pdf\">Ipari Park p\u00e1lyazati felh\u00edv\u00e1s<\/a><a href=\"https:\/\/komloskft.hu\/wp-content\/uploads\/2023\/08\/Ipari-Park-palyazati-felhivas.pdf\" class=\"wp-block-file__button wp-element-button\" download aria-describedby=\"wp-block-file--media-21ec8871-3a0e-422e-9356-79ce2127bd18\">Let\u00f6lt\u00e9s<\/a><\/div>\n\n\n\n<div class=\"wp-block-file\"><a id=\"wp-block-file--media-fb9f1a33-6286-4a11-a5e7-b67b95083401\" href=\"https:\/\/komloskft.hu\/wp-content\/uploads\/2023\/08\/D-terv-helyszinrajz.pdf\">D-terv, helysz\u00ednrajz<\/a><a href=\"https:\/\/komloskft.hu\/wp-content\/uploads\/2023\/08\/D-terv-helyszinrajz.pdf\" class=\"wp-block-file__button wp-element-button\" download aria-describedby=\"wp-block-file--media-fb9f1a33-6286-4a11-a5e7-b67b95083401\">Let\u00f6lt\u00e9s<\/a><\/div>\n\n\n\n<div class=\"wp-block-file\"><a id=\"wp-block-file--media-8423cdbf-590e-4585-a10c-de3e5b41ffbc\" href=\"https:\/\/komloskft.hu\/wp-content\/uploads\/2023\/08\/Berleti-szerzodes.pdf\">B\u00e9rleti szerz\u0151d\u00e9s<\/a><a href=\"https:\/\/komloskft.hu\/wp-content\/uploads\/2023\/08\/Berleti-szerzodes.pdf\" class=\"wp-block-file__button wp-element-button\" download aria-describedby=\"wp-block-file--media-8423cdbf-590e-4585-a10c-de3e5b41ffbc\">Let\u00f6lt\u00e9s<\/a><\/div>\n","protected":false},"excerpt":{"rendered":"TOP-1.1.1-16-BS1-2017-00008-3Let\u00f6lt\u00e9s A projekt el\u0151rehalad\u00e1saLet\u00f6lt\u00e9s F\u00e9nyk\u00e9pdokument\u00e1ci\u00f3Let\u00f6lt\u00e9s Ipari Park p\u00e1lyazati felh\u00edv\u00e1sLet\u00f6lt\u00e9s D-terv, helysz\u00ednrajzLet\u00f6lt\u00e9s B\u00e9rleti szerz\u0151d\u00e9sLet\u00f6lt\u00e9s","protected":false},"author":4,"featured_media":0,"parent":0,"menu_order":0,"comment_status":"closed","ping_status":"closed","template":"","meta":[],"_links":{"self":[{"href":"https:\/\/komloskft.hu\/index.php?rest_route=\/wp\/v2\/pages\/808"}],"collection":[{"href":"https:\/\/komloskft.hu\/index.php?rest_route=\/wp\/v2\/pages"}],"about":[{"href":"https:\/\/komloskft.hu\/index.php?rest_route=\/wp\/v2\/types\/page"}],"author":[{"embeddable":true,"href":"https:\/\/komloskft.hu\/index.php?rest_route=\/wp\/v2\/users\/4"}],"replies":[{"embeddable":true,"href":"https:\/\/komloskft.hu\/index.php?rest_route=%2Fwp%2Fv2%2Fcomments&post=808"}],"version-history":[{"count":14,"href":"https:\/\/komloskft.hu\/index.php?rest_route=\/wp\/v2\/pages\/808\/revisions"}],"predecessor-version":[{"id":1009,"href":"https:\/\/komloskft.hu\/index.php?rest_route=\/wp\/v2\/pages\/808\/revisions\/1009"}],"wp:attachment":[{"href":"https:\/\/komloskft.hu\/index.php?rest_route=%2Fwp%2Fv2%2Fmedia&parent=808"}],"curies":[{"name":"wp","href":"https:\/\/api.w.org\/{rel}","templated":true}]}}