{"id":803,"date":"2021-11-08T10:02:22","date_gmt":"2021-11-08T10:02:22","guid":{"rendered":"http:\/\/komloskft.hu\/?page_id=803"},"modified":"2024-12-10T13:25:18","modified_gmt":"2024-12-10T13:25:18","slug":"top-1-1-2-16-bs1-2017-00003-inkubatorhaz-kialakitasa-totkomloson","status":"publish","type":"page","link":"https:\/\/komloskft.hu\/?page_id=803","title":{"rendered":"TOP-1.1.2-16-BS1-2017-00003 \u201eInkub\u00e1torh\u00e1z kialak\u00edt\u00e1sa T\u00f3tkoml\u00f3son\u201d"},"content":{"rendered":"\n<div class=\"wp-block-file\"><a id=\"wp-block-file--media-7b030caa-c70b-4bce-8bae-1838694e234d\" href=\"https:\/\/totkomlos.hu\/templates\/totkomlos.hu\/fileok\/TOP-1_1_2-16-BS1-2017-00003%20T%C3%B3tkoml%C3%B3s_Aloldal_tervezet_m%C3%BAltid%C5%91.pdf\"><strong>A projekt bemutat\u00e1sa<\/strong><\/a><\/div>\n\n\n\n<div class=\"wp-block-file\"><a id=\"wp-block-file--media-4b102d9f-9ce9-4afe-97f5-2ae57ed5cba2\" href=\"http:\/\/komloskft.hu\/wp-content\/uploads\/2021\/11\/Sajtokozlemeny_Projektindito_Totkomlos_inkubatorhaz-1.pdf\"><strong>Sajt\u00f3k\u00f6zlem\u00e9ny a projekt elindul\u00e1s\u00e1r\u00f3l<\/strong><\/a><\/div>\n\n\n\n<div class=\"wp-block-file\"><a id=\"wp-block-file--media-4b102d9f-9ce9-4afe-97f5-2ae57ed5cba2\" href=\"https:\/\/komloskft.hu\/wp-content\/uploads\/2023\/03\/zaro-sajtokozlemeny.pdf\"><strong>Sajt\u00f3k\u00f6zlem\u00e9ny a projekt z\u00e1r\u00e1s\u00e1r\u00f3l<\/strong><\/a><\/div>\n\n\n\n<div class=\"wp-block-file\"><a id=\"wp-block-file--media-4dc08a18-8c53-4065-b4df-ea178ac4fcd2\" href=\"http:\/\/komloskft.hu\/wp-content\/uploads\/2021\/11\/A-projekt-elorehaladasa-inkubatorhaz.pdf\"><strong>A projekt el\u0151rehalad\u00e1sa<\/strong><\/a><\/div>\n\n\n<hr noshade=\"\">\n\n\n<div class=\"wp-block-file\"><a id=\"wp-block-file--media-505178d5-596f-4d4c-8690-39ae8857e547\" href=\"https:\/\/komloskft.hu\/wp-content\/uploads\/2023\/03\/Komlo-Irodahaz-felhivas-n.pdf\"><strong>Koml\u00f3 irodah\u00e1z felh\u00edv\u00e1s<\/strong><\/a><\/div>\n\n\n\n<div class=\"wp-block-file\"><a id=\"wp-block-file--media-375e0a5d-7f5e-4b0b-a90b-6d8e2804238a\" href=\"https:\/\/komloskft.hu\/wp-content\/uploads\/2022\/03\/Komlo-irodahaz-helyisegei.pdf\"><strong>Koml\u00f3 irodah\u00e1z helyis\u00e9gei<\/strong><\/a><\/div>\n\n\n\n<div class=\"wp-block-file\"><a id=\"wp-block-file--media-72017279-4965-49dd-a1fa-558f87248be5\" href=\"https:\/\/komloskft.hu\/wp-content\/uploads\/2022\/03\/Berleti-szerzodes.pdf\"><strong>B\u00e9rleti szerz\u0151d\u00e9s<\/strong><\/a><\/div>\n\n\n\n<div class=\"wp-block-file\"><a id=\"wp-block-file--media-5dcbf2af-3f39-40f1-a817-66a6e54c5f0f\" href=\"https:\/\/komloskft.hu\/wp-content\/uploads\/2022\/03\/KOMLO-IRODAHAZ-hazirend.pdf\"><strong>H\u00e1zirend<\/strong><\/a><\/div>\n","protected":false},"excerpt":{"rendered":"A projekt bemutat\u00e1sa Sajt\u00f3k\u00f6zlem\u00e9ny a projekt elindul\u00e1s\u00e1r\u00f3l Sajt\u00f3k\u00f6zlem\u00e9ny a projekt z\u00e1r\u00e1s\u00e1r\u00f3l A projekt el\u0151rehalad\u00e1sa Koml\u00f3 irodah\u00e1z felh\u00edv\u00e1s Koml\u00f3 irodah\u00e1z helyis\u00e9gei B\u00e9rleti szerz\u0151d\u00e9s H\u00e1zirend","protected":false},"author":4,"featured_media":0,"parent":0,"menu_order":0,"comment_status":"closed","ping_status":"closed","template":"","meta":[],"_links":{"self":[{"href":"https:\/\/komloskft.hu\/index.php?rest_route=\/wp\/v2\/pages\/803"}],"collection":[{"href":"https:\/\/komloskft.hu\/index.php?rest_route=\/wp\/v2\/pages"}],"about":[{"href":"https:\/\/komloskft.hu\/index.php?rest_route=\/wp\/v2\/types\/page"}],"author":[{"embeddable":true,"href":"https:\/\/komloskft.hu\/index.php?rest_route=\/wp\/v2\/users\/4"}],"replies":[{"embeddable":true,"href":"https:\/\/komloskft.hu\/index.php?rest_route=%2Fwp%2Fv2%2Fcomments&post=803"}],"version-history":[{"count":26,"href":"https:\/\/komloskft.hu\/index.php?rest_route=\/wp\/v2\/pages\/803\/revisions"}],"predecessor-version":[{"id":1011,"href":"https:\/\/komloskft.hu\/index.php?rest_route=\/wp\/v2\/pages\/803\/revisions\/1011"}],"wp:attachment":[{"href":"https:\/\/komloskft.hu\/index.php?rest_route=%2Fwp%2Fv2%2Fmedia&parent=803"}],"curies":[{"name":"wp","href":"https:\/\/api.w.org\/{rel}","templated":true}]}}